pose i + 5*n = 17 - 3, 2*n = 4. Suppose i*w + 224 = 8*w. Calculate the greatest common factor of 14 and w.
14
Suppose 23*s - 36 = -13*s. Calculate the greatest common factor of s and 4.
1
Let u(z) = z**3 - 14*z**2 - 9*z - 5. Let t be u(16). What is the greatest common divisor of 33 and t?
33
Suppose 0 = -m + 5*h + 24, m = -m - 3*h - 4. Let p = 65 + -5. Let i be (-4)/30 + (308/p - -1). Calculate the highest common divisor of i and m.
2
Suppose -x - 31 = 3*p, -p + 3*x - 61 = 4*p. Let o(l) = -37*l + 33. Let r be o(p). Calculate the greatest common factor of 40 and r.
40
Suppose 0 = -3*o + z + 30, 4*z = 2*o + 5*z - 25. Let p be (-1)/(0 - (-2)/(-4)). Suppose 0 = p*l - 141 + o. Calculate the highest common divisor of 13 and l.
13
Let a(m) = 5*m**2 - 32*m - 142. Let w be a(-6). Calculate the highest common factor of 120 and w.
10
Suppose 0*g - 13 = -g. Suppose n - 3 = g. What is the highest common factor of 32 and n?
16
Let s(i) = 2*i**3 + 4*i - 4*i - 3*i**3 - i**2 - i + 153. Let y be s(0). What is the highest common divisor of 17 and y?
17
Let s = 380 + -144. Let p be 3/(-9)*-1 - s/(-12). Calculate the greatest common factor of 80 and p.
20
Let h = -36 + 473. Calculate the highest common divisor of h and 23.
23
Suppose 666 - 99 = 3*y. Suppose 17*q = 232 + 32 + 195. What is the highest common factor of y and q?
27
Suppose -2*u - 930 = -3*j + u, -j - 2*u = -316. What is the highest common divisor of j and 39?
39
Suppose -x - 180 + 50 = 4*z, -4*z - 3*x = 126. Let o = -29 - z. Calculate the highest common divisor of 4 and o.
4
Suppose 0 = 8*w - 498 - 3110. Calculate the greatest common divisor of w and 82.
41
Let m be 1*4*(-131)/2. Let a = 471 + m. Suppose -2*r + 36 = 2*v, -3*v - 29 = -4*r + 50. What is the highest common divisor of r and a?
19
Let d = -69 - -277. Calculate the greatest common divisor of d and 39.
13
Let l be 24/(-9)*(0 - -3). Let b = l - -6. Let s be b + (3 - (-7 - 3)). Calculate the highest common divisor of 11 and s.
11
Suppose 2 + 2 = c. Suppose -5*k = 4*q - 8, -q + k + 5 = -c*q. Let y be q - (0 + (-27)/1). Calculate the highest common factor of y and 12.
12
Let b be (-117)/(0/1 + (-15)/15). Calculate the highest common divisor of b and 36.
9
Let u be (5/(-30))/(6/(-72)). Calculate the highest common factor of u and 4.
2
Let o(a) = a - 11. Let c be o(14). Suppose g + 7 = -4*i - 2*g, -c*i - 4*g = 14. Suppose v + 25 = i*v. Calculate the highest common divisor of 5 and v.
5
Let m be 5*(-2)/20*-6. Let z be (36/4)/(6/4). What is the highest common factor of m and z?
3
Suppose 0*f + 5*f - 250 = 0. Let b = f - 36. Let g(t) = -9*t - 24. Let x be g(-5). Calculate the highest common factor of x and b.
7
Let f = 28 + -24. Suppose -86 = -f*p + 34. Calculate the highest common divisor of 10 and p.
10
Let v be (5/((-30)/4))/(2/(-12)). Let h(s) = s**2 - 6*s - 1. Let n be h(6). Let q be 0 - n*(0 + 28). Calculate the highest common divisor of v and q.
4
Let t be 50447/915 - 2/15. What is the greatest common factor of t and 275?
55
Let q(f) be the first derivative of 3*f**4/2 + 2*f**3/3 + f**2/2 + 4*f - 13. Let b be q(3). Calculate the highest common factor of 17 and b.
17
Let c be ((-1)/(-2))/((-1)/(-4)). Let p = -85 + 87. Suppose -5*a + 52 + 20 = -p*r, -a + r + 15 = 0. Calculate the highest common divisor of c and a.
2
Suppose 0 = 3*m + 31 - 76. What is the highest common divisor of m and 10?
5
Suppose 105*z = 25*z + 17040. Calculate the highest common divisor of 71 and z.
71
Let x be 6/(-39) + (-8350)/(-26). Let n = 453 - x. What is the greatest common factor of n and 12?
12
Suppose 2*a + 2*a - 3*s - 40 = 0, 4*a - 2*s = 36. Suppose a*f - 19 - 16 = 0. Calculate the highest common factor of 20 and f.
5
Let p be ((-1)/(1/(-12)))/1. Let a(b) = 18*b + 11. Let n be a(-2). Let q = 59 - n. Calculate the greatest common factor of p and q.
12
Let a be (2/2 + 11)*40. Suppose 7*k - 2*k = a. Let o be 4/6*((7 - 6) + 17). Calculate the highest common divisor of o and k.
12
Suppose -11 = -6*i + 43. Let t = -1 + i. Let u be (4/3 - 2)*-6. Calculate the highest common factor of u and t.
4
Let x be 1*-14*12/16*-12. What is the highest common factor of x and 7?
7
Let j be 102/((-6)/(-9) + 50/60). What is the highest common divisor of 4 and j?
4
Let i(p) = -8*p - 149. Let w be i(-29). What is the greatest common divisor of 1245 and w?
83
Let c = -1527 + 2151. Calculate the highest common divisor of 52 and c.
52
Let z be 8/(-6)*(-3)/2. Let g = 37 + -32. Suppose -7*n + 4 = -g*n. What is the highest common divisor of n and z?
2
Let l be 140/18 + ((-35)/45 - -1). Let v be (1 - 1) + 2 + -3 + l. Calculate the highest common factor of v and 63.
7
Let w = -7 + 12. Let a = w - 3. Suppose -a*p = 5*u - 22, 2*p - 44 = -2*p + 3*u. What is the greatest common divisor of p and 121?
11
Suppose 0 = -5*i + 87 + 193. Calculate the highest common divisor of 56 and i.
56
Let s be (-4)/7*-9 + (-3)/21. Suppose 10*v - 30 = -s*v. What is the highest common divisor of 6 and v?
2
Let n(j) = 745*j - 2923. Let m be n(4). Let y = -57 + 101. Let i = y - 25. What is the greatest common divisor of m and i?
19
Let t(u) = -u**3 - 16*u**2 - 16*u. Let p be t(-15). Suppose 5*q = p - 0. Calculate the highest common divisor of q and 3.
3
Suppose 2*o - 44 = -2*o + 3*f, 2*o = -4*f. Suppose -2*b + 4*b = -o. Let r be (b - -11)*2/7. Calculate the greatest common factor of 6 and r.
2
Suppose -2*k - 3*j = -429, 3*k + 4*j = 4*k - 220. Suppose -274*w - 27 = -275*w. Calculate the highest common factor of k and w.
27
Suppose -6732 = -6*x - 5*x. Calculate the highest common divisor of 72 and x.
36
Suppose 18*u - 94 = 50. Let b be 1/2 + 6/4. Suppose 0 = -b*c - 0*c + 32. What is the greatest common divisor of u and c?
8
Let i(l) = -l**2 - 16*l + 25. Let x be i(-17). Let o be 7/(28/x) + -2. Let h be 4/1 - (o + -19). Calculate the highest common factor of 23 and h.
23
Let v(y) = -18*y + 15. Let a be v(-2). Calculate the highest common factor of a and 119.
17
Suppose 3*v = 5 + 1. Suppose 0 = p + v - 13. Calculate the highest common factor of 99 and p.
11
Suppose -18 = -11*f + 70. Suppose 6*g - g - 440 = 0. What is the greatest common divisor of g and f?
8
Suppose -2*x = 3*u - 5*x - 39, -3*x + 41 = 5*u. Suppose -2*n = -106 + u. Suppose 5*l = l + n. Calculate the greatest common factor of 108 and l.
12
Let x(a) = a**2 + 4*a - 14. Let v be x(-6). Let d be v/(-9) + 403/9. Let c = 20 + -11. What is the greatest common factor of d and c?
9
Suppose -3*j + 24 = -57. Let b = 318 + -315. Calculate the highest common divisor of b and j.
3
Let a be 1*-3 - 162/(-9). Suppose 4*u + 4*b - 24 - 4 = 0, 5*u - 5*b = a. Suppose 21 = u*k - 139. Calculate the greatest common divisor of k and 288.
32
Let j = -787 - -813. What is the greatest common factor of j and 13?
13
Let a be (-5 + 0)*(-4)/10. Suppose 0 = -c + 5*i + 19 - a, -5*c - 2*i = -31. Suppose -10*n = -7*n - 3. Calculate the highest common factor of c and n.
1
Let x be (-7)/((-1)/28*2). What is the greatest common divisor of 735 and x?
49
Let h = 914 + -500. Let j = h + -234. What is the highest common factor of j and 20?
20
Let r(y) = y**2 + 31. Let l be r(0). What is the greatest common divisor of 217 and l?
31
Let q = 50 - 30. Suppose 5*b - 3*i - 62 = 0, -4*b + 4*i = -b - 46. What is the highest common divisor of q and b?
10
Suppose -62*p - 10 + 1002 = 0. What is the highest common factor of 216 and p?
8
Suppose -5*w + 4*w = -4. Suppose -4 = w*b, c + 0*b + 3*b = 1. What is the greatest common divisor of c and 16?
4
Let o be (-8 + -4)*-1 - 2. What is the greatest common factor of o and 50?
10
Let l be (123 + 1)/4 - -3. Let o = l - 33. Calculate the highest common divisor of 9 and o.
1
Let j(k) = -6 + 2*k**2 - 12 - 10*k - 3*k**2 + 2*k**2. Let f be j(-8). What is the greatest common factor of f and 14?
14
Let x be -16*5/(-10)*-8*-3. What is the highest common factor of x and 256?
64
Let m(r) = -15*r + 6. Let s be m(-7). What is the highest common factor of s and 37?
37
Let m be 41 + 3/(-4)*-4 + 0. Let c(q) = q**2 + 5*q - 4. Let f be c(-3). Let i be (-4)/f*(-70)/(-7). What is the highest common divisor of m and i?
4
Let x(m) = 3*m + 2. Let t = 8 - 6. Suppose y - 14 + 4 = -2*c, -3*y + 18 = t*c. Let p be x(c). What is the greatest common divisor of 88 and p?
11
Let p(n) = n**2 - 10*n + 